What are the prime factors of r?
19
Suppose -16*p + 10*p + 1662 = 0. What are the prime factors of p?
277
Suppose -2 = -4*y - k - k, 3*y - 4*k = -4. Suppose y = o - 3 - 2. Suppose x = 3*r - 29, -3*r + 64 = r + o*x. What are the prime factors of r?
11
Suppose 0 = 2*a - 122 - 56. What are the prime factors of a?
89
Suppose 3*d = -3*g - 2*d - 41, 0 = 2*g - 2*d + 54. Let f be (-714)/66 + 4/g. Let p = -2 - f. What are the prime factors of p?
3
Let l = -7 + 4. What are the prime factors of (2/l)/((-4)/162)?
3
Suppose 14 = 5*p + 5*q - 1, 21 = 5*p + 2*q. Suppose 0 = 2*y - p*y + 63. What are the prime factors of y?
3, 7
Let m(i) = -i + 1. Let v be m(-5). List the prime factors of 12/(-10)*(-45)/v.
3
Suppose -7*u = -2*u - 10. Let v be (-4)/5 - (-162)/15. Suppose -2*n = -u - v. List the prime factors of n.
2, 3
Let o(c) = -10*c**3 - c + 1. Suppose 7 = 5*t + 2. Let y be o(t). List the prime factors of (5/y)/((-2)/48).
2, 3
Suppose -3*s = -s - 3*o - 14, -5*s + 26 = -3*o. Suppose w = -w + s. What are the prime factors of w?
2
Let c = -32 - -87. List the prime factors of c.
5, 11
Let p = -6 + 8. Suppose p*w - 9 = -3. List the prime factors of w.
3
Let j be 26 - 2/6*0. Let o be 1/(-6) + j/12. Suppose o*s - 12 = 10. List the prime factors of s.
11
Let n(h) = -h + 5. Let o = -1 - -4. Let t(k) = k - 6. Let v(b) = o*t(b) + 4*n(b). List the prime factors of v(-3).
5
Suppose a = 2*j + 39, 7*a - 3*a = j + 128. Suppose 5*z + 2*b - a = -0*b, z = -b + 8. List the prime factors of z.
5
Let t be (9/(-6))/(3/4). Let k(f) = -10 - 1 - 3*f + 8. List the prime factors of k(t).
3
Let p(r) = 7*r**2 + 7*r + 2. Let h(n) = 4*n**2 + 4*n + 1. Let y(g) = -5*h(g) + 3*p(g). What are the prime factors of y(3)?
13
Suppose -6 - 14 = -5*h. Suppose h*u - 64 = -5*b, -3*b + 12 + 60 = 4*u. List the prime factors of (-110)/(-7) - (-6)/u.
2
Suppose 5*z + 3*y + y - 611 = 0, y = -2*z + 242. List the prime factors of z.
7, 17
Let s(l) = l**2 - l - 4. Let v(u) = u. Let n be v(4). Let f be s(n). List the prime factors of 3/(-12) + 98/f.
2, 3
Let n = 12 + -9. What are the prime factors of n - (1 - 19) - 3?
2, 3
List the prime factors of (-2)/(-2) + 0 + 1.
2
Suppose c = -c + 4. Suppose 2*i - 18 = c. List the prime factors of i.
2, 5
Let n(u) = 4*u - 9. Let m(w) = w**3 - 5*w**2 - 6*w + 8. Let o be m(6). Let l be n(o). Let h = -16 + l. What are the prime factors of h?
7
List the prime factors of ((-6)/12)/(4/(-344)).
43
Let x(d) = d**2 + 0*d**2 - 9*d + d - 3. Let t be x(9). Suppose 4*h = t*h - 6. What are the prime factors of h?
3
Suppose -3*s + 8*s = -15. Let x = 5 + s. What are the prime factors of x?
2
Let w(r) = r - 1. Let q(c) = -c - 1. Let m be q(-4). Let h be w(m). Suppose 7 = 2*i - 3*o, -h*i + 10 = 2*i - 2*o. List the prime factors of i.
2
What are the prime factors of (2 - 382/2)/(-8 + 7)?
3, 7
Suppose -5*w = -2*w - 6. Suppose w*o = -4*z - 2, -12 = 3*z - 0*z. List the prime factors of o.
7
Let w(s) = s**2 - 5*s - 3. Let r(f) = -f + 12. Let x be r(5). List the prime factors of w(x).
11
Suppose 0 = -20*x + 21*x - 4. Let o(j) = 2*j**2 - 4*j + 2. Let y be o(2). Suppose k + k - 42 = x*l, -y*l + 1 = k. What are the prime factors of k?
11
Let f(z) = -z + 3. Suppose -24 = -0*t + 2*t. Let h = 5 + t. List the prime factors of f(h).
2, 5
Let t(f) = 2*f**2 - 5*f + 1. What are the prime factors of t(5)?
2, 13
Let t be 316/12 - 1/3. Let m = t + -43. Let n = 28 + m. List the prime factors of n.
11
Let a(x) = 2*x**2 + 4*x + 1. Let b be a(-3). Suppose 0 = -b*h + 4*h + 15. Suppose -2*d + 5*j = -26, -4 - 13 = d + h*j. What are the prime factors of d?
3
What are the prime factors of (-2 + 0)/((-2)/33)?
3, 11
Let b(q) = -q - 8. Let g be b(-12). Suppose -2*k - 152 = -5*h, 0 = -5*h - 0*h - g*k + 176. What are the prime factors of h?
2
Let s(w) = 9*w**2 - w. Let k be s(-1). Let d be 7*((-69)/(-21) + -3). Let j = k - d. List the prime factors of j.
2
Suppose -2*l - 1 = 1. Let u = 6 - l. What are the prime factors of u?
7
List the prime factors of (-6)/33 - (-140)/44.
3
Let d = 106 + -59. Suppose 43 + d = 5*m. What are the prime factors of m?
2, 3
Let i = -8 - -3. Let l(p) = p**3 + 7*p**2 + 7*p - 1. List the prime factors of l(i).
2, 7
Suppose -2*b - 7 = 4*d + 9, 0 = 5*d + b + 17. Let z(r) = -r**2 - 13*r - 1. Let m(t) = -t**2 - 14*t. Let j(v) = d*m(v) + 4*z(v). List the prime factors of j(-8).
2, 3
Let q = 44 + 105. What are the prime factors of q?
149
Suppose 283 = 3*d + 58. Suppose -3*w - 2*w = -d. Suppose 0 = 2*v - 4, 4*i - 5*v - w = -1. What are the prime factors of i?
2, 3
Let r be ((-11)/(-2))/(1/6). What are the prime factors of r/9 - 2/3?
3
Let z(s) = -s**3 - 25*s**2 - 50*s + 26. List the prime factors of z(-23).
2, 59
Suppose -3*k = 31 - 7. Let h = 36 + k. List the prime factors of h.
2, 7
What are the prime factors of (-3)/12 - (-3 - (-221)/(-4))?
2, 29
Let p(w) = 6*w**2 - 2*w - 6. What are the prime factors of p(6)?
2, 3, 11
Let s = 3 + -4. What are the prime factors of 24/(3/(-2)*s)?
2
Let u(j) = -j**3 + j**2 + 4. Let k be u(0). Suppose s + k*w - 15 = 0, 2*w - 25 = -0*s - s. List the prime factors of s.
5, 7
Let u = -47 + 51. What are the prime factors of u?
2
Let g be 0/(1 + 0)*-1. Let p(b) = -6 + 1 - b**3 - 9*b + g*b - 8*b**2. What are the prime factors of p(-7)?
3
Let v = 11 - 6. Suppose v*b = -1 + 11. Suppose -l = 3, -b*p + 8 = -p + l. List the prime factors of p.
11
Suppose 5*b - 3*s = -31 + 7, 12 = -3*b + 3*s. Let c = 8 - b. Suppose 0*k - c = -2*k. What are the prime factors of k?
7
Let v(f) = 125*f + 4. Let r be v(-3). List the prime factors of 1/3 + r/(-21).
2, 3
Suppose 6*q - 295 = q. What are the prime factors of q?
59
Let f(j) be the second derivative of -17*j**4/12 + j**3/3 - j**2/2 - j. Let h be f(1). List the prime factors of (-34)/(-8) + 4/h.
2
Let q be 2 - (2 - (-1 - -5)). Suppose y = q*y - 102. List the prime factors of y.
2, 17
Let l = -97 + 150. Let t = -25 + l. What are the prime factors of t?
2, 7
Let b = 731 - 468. List the prime factors of b.
263
Let i be 2/(-5) - (-1092)/30. Let u = i + -24. Suppose -12 = -4*j + u. What are the prime factors of j?
2, 3
Let c(w) = -19*w + 6. List the prime factors of c(-7).
139
Suppose 3*d - 3*y + 3 = -0*d, -4*d + 3*y + 1 = 0. Let q(c) = -c**2 + 4*c - 2. Let t be q(1). Suppose -v + d = t. List the prime factors of v.
3
Let u = -17 + 45. List the prime factors of u.
2, 7
Let s(r) = -r - 2. Let z be s(-4). Let h(g) = -1 + 7*g**z - 7*g + 0*g**2 + 12 + g**3. What are the prime factors of h(-8)?
3
Suppose 3*x - 11 = 4*n, -6*x + x = -25. Let k be (n + 2/4)*4. Suppose -3*m + 5*s = -51, s + s + k = 0. List the prime factors of m.
2, 3
Let t(u) = 3*u**2 + 6*u - 3. Let c be t(-5). Let z(j) = j + 1. Let r be z(3). Suppose 0 = 3*a - a - r*g - c, -a - 3*g - 4 = 0. List the prime factors of a.
11
Let z = -33 + 36. What are the prime factors of z?
3
Let p(z) = 6*z - 7. Let d(o) = o**2 + 5. Let a be d(0). What are the prime factors of p(a)?
23
Let i = 53 + -37. What are the prime factors of i?
2
Let c(w) = -w + 12. Let i be c(7). Let r(p) = -p**3 + 6*p**2 + 4*p + 8. What are the prime factors of r(i)?
53
Suppose -5*a - 3*t = -1170, -2*t + 278 = -3*a + 961. What are the prime factors of a?
3, 7, 11
Let z(r) = -r**2 - 7*r - 8. Let a be z(-6). Let m be ((-3)/a)/(2/(-12)). Let t = m + 24. What are the prime factors of t?
3, 5
Let k be -2 - (-4 + 0/3). Let h be -4*(-1)/k - 0. Suppose 0 = -3*v - 9, 0*z = 5*z - h*v - 56. List the prime factors of z.
2, 5
Let f = -74 - -49. Let c = f - -37. Suppose 0 = 3*p, 5*p + c = w + 4*p. What are the prime factors of w?
2, 3
Suppose 2*b = 4*b - 2. Let z(j) = -j**3 + 6*j**2 - j + 3. Let c be z(6). List the prime factors of -9*(c + b - -1).
3
Let v(j) = -2 - 3*j - j + j**2 - 5*j + 0*j**2. List the prime factors of v(10).
2
List the prime factors of (-3)/(681/171 + -4).
3, 19
Suppose 5*r = -0*r - 70. Let a = 33 + -56. Let k = r - a. List the prime factors of k.
3
Let g(m) = m**3 - 2*m**2 - m - 4. Let t be g(3). Suppose 8 + 25 = p - 4*f, 3*f = -p - t. List the prime factors of p.
13
Let z = -23 - -42. Let p be (z - 1)/(1 + 1). What are the prime factors of 2/p + (-129)/(-27)?
5
Let f(s) = s + 1. Suppose -2*b = 9 + 1. Let g be f(b). List the prime factors of ((-10)/g)/((-1)/(-2)).
5
Let l be ((-1)/2)/(1/(-86)). Suppose -111 = -3*n - 3*b, 